3?
6
What is the hundreds digit of 4540602?
6
What is the hundreds digit of 18265455?
4
What is the hundreds digit of 538571?
5
What is the tens digit of 468683?
8
What is the hundred thousands digit of 521204?
5
What is the ten thousands digit of 193742?
9
What is the millions digit of 17182654?
7
What is the thousands digit of 2993334?
3
What is the units digit of 54611?
1
What is the thousands digit of 154116?
4
What is the ten thousands digit of 229322?
2
What is the hundred thousands digit of 5669189?
6
What is the hundred thousands digit of 1275225?
2
What is the hundred thousands digit of 1454812?
4
What is the hundred thousands digit of 270225?
2
What is the tens digit of 1876332?
3
What is the millions digit of 7232431?
7
What is the thousands digit of 854927?
4
What is the ten thousands digit of 225918?
2
What is the thousands digit of 4641557?
1
What is the ten thousands digit of 2343869?
4
What is the ten thousands digit of 11692029?
9
What is the units digit of 26419394?
4
What is the hundred thousands digit of 271761?
2
What is the thousands digit of 9592140?
2
What is the thousands digit of 7950866?
0
What is the units digit of 13768482?
2
What is the hundreds digit of 528339?
3
What is the hundreds digit of 593356?
3
What is the hundreds digit of 26155263?
2
What is the thousands digit of 269505?
9
What is the millions digit of 3648783?
3
What is the tens digit of 5072620?
2
What is the millions digit of 4049747?
4
What is the hundred thousands digit of 938701?
9
What is the ten thousands digit of 953627?
5
What is the hundreds digit of 135983?
9
What is the ten thousands digit of 10018045?
1
What is the hundreds digit of 229033?
0
What is the units digit of 1750991?
1
What is the thousands digit of 749321?
9
What is the hundreds digit of 203463?
4
What is the tens digit of 3844693?
9
What is the hundred thousands digit of 9024056?
0
What is the ten thousands digit of 540921?
4
What is the hundreds digit of 355896?
8
What is the units digit of 1145973?
3
What is the units digit of 5996815?
5
What is the hundreds digit of 595390?
3
What is the tens digit of 58858?
5
What is the tens digit of 1100602?
0
What is the hundreds digit of 712235?
2
What is the units digit of 2346591?
1
What is the thousands digit of 69302?
9
What is the hundred thousands digit of 247325?
2
What is the hundred thousands digit of 7478426?
4
What is the hundreds digit of 2127149?
1
What is the thousands digit of 113058?
3
What is the hundred thousands digit of 2030579?
0
What is the units digit of 734659?
9
What is the units digit of 991103?
3
What is the ten thousands digit of 6830820?
3
What is the ten thousands digit of 1449430?
4
What is the hundred thousands digit of 10644235?
6
What is the tens digit of 10670552?
5
What is the millions digit of 18910818?
8
What is the hundred thousands digit of 4142008?
1
What is the ten thousands digit of 25081061?
8
What is the hundreds digit of 899624?
6
What is the hundred thousands digit of 4868621?
8
What is the units digit of 590156?
6
What is the thousands digit of 294740?
4
What is the hundreds digit of 263817?
8
What is the hundreds digit of 119928?
9
What is the ten thousands digit of 10083?
1
What is the hundred thousands digit of 1998274?
9
What is the units digit of 7063?
3
What is the units digit of 679212?
2
What is the hundreds digit of 6406857?
8
What is the hundred thousands digit of 10746626?
7
What is the hundred thousands digit of 199141?
1
What is the tens digit of 1448006?
0
What is the units digit of 132255?
5
What is the hundreds digit of 342366?
3
What is the thousands digit of 1588756?
8
What is the units digit of 1998554?
4
What is the hundred thousands digit of 1693553?
6
What is the units digit of 332299?
9
What is the thousands digit of 891894?
1
What is the tens digit of 1161456?
5
What is the hundreds digit of 4086663?
6
What is the thousands digit of 2278317?
8
What is the hundred thousands digit of 180023?
1
What is the units digit of 1098957?
7
What is the tens digit of 571188?
8
What is the tens digit of 172139?
3
What is the units digit of 114930?
0
What is the units digit of 1593606?
6
What is the hundreds digit of 361660?
6
What is the thousands digit of 20060942?
0
What is the thousands digit of 233685?
3
What is the thousands digit of 1036414?
6
What is the thousands digit of 21742026?
2
What is the tens digit of 878839?
3
What is the hundreds digit of 513955?
9
What is the ten thousands digit of 2365771?
6
What is the hundreds digit of 900227?
2
What is the thousands digit of 177546?
7
What is the thousands digit of 6558949?
8
What is the tens digit of 3446498?
9
What is the tens digit of 10344933?
3
What is the units digit of 6501550?
0
What is the hundreds digit of 1854659?
6
What is the ten thousands digit of 227367?
2
What is the tens digit of 2641896?
9
What is the ten thousands digit of 66568?
6
What is the hundred thousands digit of 1017661?
0
What is the ten thousands digit of 23160078?
6
What is the hundreds digit of 6681?
6
What is the hundred thousands digit of 610957?
6
What is the units digit of 216367?
7
What is the units digit of 432939?
9
What is the tens digit of 21551398?
9
What is the units digit of 975842?
2
What is the hundred thousands digit of 229058?
2
What is the thousands digit of 40621304?
1
What is the units digit of 6213787?
7
What is the hundred thousands digit of 524531?
5
What is the hundred thousands digit of 2709044?
7
What is the ten thousands digit of 279724?
7
What is the thousands digit of 19295044?
5
What is the tens digit of 2156504?
0
What is the tens digit of 6079?
7
What is the hundred thousands digit of 1419336?
4
What is the thousands digit of 13996?
3
What is the hundreds digit of 40934553?
5
What is the hundred thousands digit of 297581?
2
What is the ten thousands digit of 549631?
4
What is the hundreds digit of 5345071?
0
What is the ten millions digit of 35295616?
3
What is the hundred thousands digit of 4147094?
1
What is the ten thousands digit of 42808?
4
What is the units digit of 12715?
5
What is the ten thousands digit of 6079771?
7
What is the millions digit of 4661432?
4
What is the hundred thousands digit of 107790?
1
What is the thousands digit of 22488148?
8
What is the hundred thousands digit of 224443?
2
What is the units digit of 4400296?
6
What is the thousands digit of 706140?
6
What is the hundreds digit of 114118?
1
What is the units digit of 22433441?
1
What is the units digit of 289474?
4
What is the hundreds digit of 52263?
2
What is the ten thousands digit of 1758973?
5
What is the ten thousands digit of 199052?
9
What is the millions digit of 4839134?
4
What is the ten thousands digit of 4314737?
1
What is the ten thousands digit of 160989?
6
What is the units digit of 3745570?
0
What is the ten thousands digit of 4646068?
4
What is the thousands digit of 1394391?
4
What is the units digit of 3222076?
6
What is the hundred thousands digit of 340278?
3
What is the tens digit of 288836?
3
What is the hundred thousands digit of 754324?
7
What is the tens digit of 10399453?
5
What is the tens digit of 24429?
2
What is the thousands digit of 1490?
1
What is the units digit of 2542284?
4
What is the hundred thousands digit of 5099146?
0
What is the thousands digit of 8405232?
5
What is the hundreds digit of 1298857?
8
What is the tens digit of 28883141?
4
What is the hundreds digit of 988284?
2
What is the ten thousands digit of 327145?
2
What is the thousands digit of 3273637?
3
What is the hundred thousands digit of 2144407?
1
What is the thousands digit of 21011676?
1
What is the ten thousands digit of 1209842?
0
What is the ten thousands digit of 203236?
0
What is the hundreds digit of 2744068?
0
What is the hundred thousands digit of 1049935?
0
What is the millions digit of 4479181?
4
What is the hundreds digit of 1111991?
9
What is the thousands digit of 236566?
6
What is the hundred thousands digit of 703987?
7
What is the hundreds digit of 7202989?
9
What is the tens digit of 7389600?
0
What is the tens digit of 6621717?
1
What is the thousands digit of 4247279?
7
What is the thousands digit of 2737287?
7
What is the units digit of 73663?
3
What is the tens digit of 61294?
9
What is the ten tho